. Calculate the greatest common divisor of c and z.
6
Let k be ((-464)/40 - -12) + (-1758)/(-5). Suppose 2*l - 22 = l. Calculate the highest common factor of k and l.
22
Let i be (-21)/3 + (-18 - -1805). Calculate the greatest common divisor of 20 and i.
20
Suppose 11*d - 4*d = -3535. Let n = d + 581. What is the greatest common divisor of 684 and n?
76
Suppose -3 = f, -513 = -5*l + f + 250. Suppose 0*n - 63 = -3*r + 2*n, -31 = -r + 4*n. What is the greatest common factor of r and l?
19
Let b(t) = 2*t + 32. Let i be b(-9). Suppose -116 + i = -j. Calculate the greatest common factor of 6 and j.
6
Suppose -i - 71 = -69, 2227 = c - i. What is the greatest common factor of c and 712?
89
Let t(i) = -i**3 + 5*i**2 + 3. Let z be t(5). Let m be 1/(-3) + 1147/z. Suppose -2*d + m = -18. What is the greatest common divisor of 40 and d?
40
Let d be 37411/19 + (1 - 1). What is the greatest common divisor of d and 11?
11
Let q be (7/6)/((-45)/270) + 7 + 98. Calculate the highest common divisor of q and 364.
14
Suppose 7*l = 10 + 11. Suppose -3*g + 12 = -2*c - 33, -l*g = 2*c - 45. Calculate the greatest common divisor of 10 and g.
5
Suppose 229*u = 41071 - 12217. What is the highest common factor of u and 486?
18
Let b = 3410 - 3348. What is the greatest common factor of 8401 and b?
31
Suppose 0 = 3*o - 3*z - 211 - 398, o = -4*z + 228. What is the greatest common divisor of 3068 and o?
52
Let x(y) = -24*y - 24. Let u be x(-5). Let f = 134 - u. What is the greatest common divisor of 114 and f?
38
Suppose 3 = 3*s, s - 2721 = -3*h + h. Calculate the greatest common factor of h and 204.
68
Let y = -334 - -329. Let k(t) = 37*t + 228. Let u be k(y). Calculate the highest common divisor of 817 and u.
43
Suppose -3*d + 18 = -45. Let n be (0 - -10)/(-12 + 19 - 5). Let s be n + 63/(-13) + 267/39. What is the greatest common divisor of d and s?
7
Suppose -3*w + 1184 = 4*r, -5*w + 5*r - 86 = -2036. What is the highest common factor of w and 40?
8
Let q be 3*(0 - ((-238)/12 - 238/68)). Let o = 23 + -9. Calculate the greatest common divisor of q and o.
14
Suppose 6*h - 314 = 4150. What is the greatest common factor of h and 96?
24
Suppose 82*y - 77*y + 10 = 0. Let p be 374/34*2*y*-10. What is the highest common factor of 40 and p?
40
Let v be 2/(-12) + 11/(-6). Let q be (v + 3)/(3/15). Suppose b - 13 = -q*f, -f - 2*f = 3. What is the highest common factor of b and 45?
9
Let d be (14/(700/1110))/(1/115). Calculate the highest common divisor of 69 and d.
69
Let m(t) = -536*t - 466. Let f be m(-1). Suppose 200 = 5*g - 80. Calculate the highest common factor of g and f.
14
Let z be 252/(-81) + (-2)/(-18). Let l be 1*(z + 5 - -3). Let j be (44/110)/(1/l). What is the greatest common divisor of j and 16?
2
Suppose -5*o + 4*h = -30122, 2*o - 19831 + 7736 = -5*h. What is the greatest common factor of 450 and o?
90
Suppose 0 = 3*q - 3, 5*z - 7*q + 9*q - 272 = 0. Let l = z + -109. Let j = l - -253. What is the greatest common factor of 22 and j?
22
Let j = 227 - 20. Let q = 32 - -14. What is the highest common divisor of q and j?
23
Suppose 157*w - 3*w - 18018 = 0. What is the greatest common divisor of 3744 and w?
117
Let m(f) = -f**3 - 25*f**2 + 66*f + 556. Let n be m(-27). Calculate the highest common factor of 56 and n.
8
Suppose 0 = -u + 8*y + 172, 26*u + 84 = 27*u + 3*y. What is the highest common factor of 459 and u?
27
Let b(h) = -3*h**2 - 30*h - 21. Let f be b(-9). Let a = -1 + 11. Let p be ((-1)/(9/f))/(a/(-375)). What is the highest common divisor of 75 and p?
25
Let u be -1 + (3/3 - -5). Let y(d) = 2*d**3 - 4*d**2 - 19*d. Let j be y(u). What is the highest common factor of j and 165?
55
Suppose 5*s - 109 + 34 = -k, 0 = -4*s - 12. What is the greatest common factor of k and 2790?
90
Let s = 5860 + -5836. Calculate the highest common factor of 102 and s.
6
Suppose -5*a - 1 = -3*p - 5, 3*p - 16 = -5*a. Suppose 4*g - 4 = a*m, 0 = -4*g + 3*m + 2 - 0. Calculate the greatest common divisor of 1 and g.
1
Suppose 5*d - 1611 = -u, 233*d + 4*u + 1606 = 238*d. Let g be 28 - 0*1/(-2). What is the highest common factor of d and g?
14
Suppose -32*i + 46*i + 84 = 0. Let y be (-8)/((-6020)/1001 - i). Calculate the highest common factor of y and 52.
52
Let a(p) = -271*p - 1050. Let x be a(-4). Calculate the greatest common factor of 7378 and x.
34
Suppose 0 = 4*n - 0*w + 4*w - 56, n - 3*w - 26 = 0. Suppose -3*j = -3*y - 57, y = 2*j - n - 20. Calculate the highest common factor of 288 and j.
18
Let w be 7 + 5 + 5/(-5)*9. Suppose 6 = m + 4*j, -5*m + 3*j + w + 4 = 0. What is the greatest common divisor of m and 1?
1
Suppose -23 = -3*t - 4*n, -2*t - 1 - 7 = -2*n. Let j be -5 + (239 - (t + 4)). Suppose 11*m = 387 + j. Calculate the greatest common divisor of 7 and m.
7
Let r(d) be the third derivative of d**4/12 + 27*d**3/2 + 84*d**2. Let s be r(-31). What is the greatest common factor of s and 1?
1
Suppose -44872 = -343*y + 39506. Calculate the greatest common divisor of y and 44034.
246
Let h = -201 + 152. Let q be (-17654)/h - (-18)/(-63). Calculate the greatest common factor of 100 and q.
20
Suppose -235 - 19059 = -22*p. Let u = p - 58. Calculate the highest common factor of 63 and u.
63
Let m(h) be the third derivative of h**5/15 + 49*h**4/24 - h**3/6 + 24*h**2. Let t be m(6). Calculate the greatest common divisor of t and 23.
23
Suppose -21*i + 11*i - 1140 = 0. Let x = i + 186. What is the greatest common factor of x and 18?
18
Let d = -6 + -14. Let u be 216/10*d/(-6). Let q be (121/(-3) + (-8)/(-24))*(-24)/40. What is the highest common factor of u and q?
24
Let r(d) = -143*d**3 - 3*d**2 - 5*d - 1. Let y be r(-2). Calculate the highest common divisor of y and 49.
7
Suppose -23 = -5*r + 127. Let d be (-248)/(-16) - 3/r*5. Calculate the highest common factor of d and 345.
15
Let t be (62 + 1 + 0)*208/468. Calculate the highest common factor of 88 and t.
4
Suppose -2*k = -2*p + 180, -3*k - 21 = p - 83. What is the greatest common factor of 25481 and p?
83
Let s be (-1)/2 + (-132)/(-24). Suppose 3*u + 10 + s = 0. Let l = u - -12. Calculate the highest common factor of l and 77.
7
Let s(m) = -m**3 + 30*m**2 + 6*m - 93. Suppose -o + 0*o = k - 28, 0 = -2*o - 4. Let l be s(k). What is the greatest common divisor of l and 58?
29
Suppose -333*h = -18*h - 61110. What is the greatest common factor of h and 2?
2
Let g = 1726 - 969. Suppose g + 539 = 6*h. What is the highest common divisor of 8 and h?
8
Suppose 6*w = -42*d + 40*d + 44, 4*d = 2*w + 74. Calculate the highest common factor of d and 4883.
19
Let l = 31 - 26. Suppose -l*d + 103 = 68. Let h be -9*d/((-84)/64). What is the highest common factor of h and 32?
16
Suppose -5*w - 31 = m, -4*m - m + 4*w = 242. Let f be -2 - (-52 + (8 - 10)). Let t = f + m. What is the highest common factor of 42 and t?
6
Let t(n) = 5*n**2 - 44*n + 400. Let i be t(14). What is the highest common factor of i and 4?
4
Let z(m) = 8*m**2 - 987*m - 682. Let n be z(125). Calculate the highest common divisor of n and 451.
41
Let m = 10558 - 7727. Calculate the highest common factor of 133 and m.
19
Let z(h) = 23*h**3 + 1. Let b be z(1). Let f be (3823 + -15)/17 - -28. What is the greatest common divisor of f and b?
12
Suppose j = 2*t - 570 - 164, 0 = 5*t + j - 1821. Let v be t - -1*3*21/21. What is the greatest common factor of v and 32?
16
Let t(b) = -4*b**3 + 2*b + 198*b**2 + 2*b - 397*b**2 + 13 + 196*b**2. Let y be t(-5). Calculate the highest common divisor of y and 44.
22
Let q = 665 - 429. Let h be 11*(q/8 + (-3)/6). Calculate the highest common factor of h and 11.
11
Let d = 261 + -261. Suppose 2*f + 117 = -2*y + 857, 2*y - 4*f - 746 = d. Calculate the greatest common divisor of y and 53.
53
Let x = 8 - -2. Let s be (9 - (-312)/(-36))/(2/78). Let f = s - x. What is the greatest common factor of 2 and f?
1
Let c = -21323 + 23985. What is the highest common divisor of c and 44?
22
Suppose -3*n = -140 + 23. Let w = 156 + n. Let z = 8191 - 8113. What is the greatest common divisor of z and w?
39
Let g(l) = -67*l + 4. Let c(n) = n**2 - 7*n + 11. Let j be c(5). Let k be g(j). Let f = -61 - k. Calculate the greatest common divisor of f and 6.
2
Let w be 1563/(77/35 + -1) - (-2)/(-4). What is the highest common factor of w and 98?
14
Let s be ((-2)/5)/(3/(-300)) - -